44. Calculate z(-10).
76
Let k(p) = 3*p - 39. Calculate k(-6).
-57
Let m(n) = -48*n - 440. Determine m(-9).
-8
Let y(b) = b**3 - 3*b**2 - 12*b + 8. Give y(5).
-2
Let x(g) = -g**3 + 7*g**2 - g - 8. What is x(7)?
-15
Let d(r) = 4*r**2 - 3*r - 1. Give d(3).
26
Let q(o) = -o + 32. Give q(17).
15
Let z(g) = 4*g**3 + 15*g**2 + 2*g - 9. What is z(-4)?
-33
Let j(h) = 4*h**2 + 2*h + 2. Determine j(3).
44
Let d(o) = -4*o**2 + 28*o - 16. What is d(7)?
-16
Let n(w) = -2*w + 19. Give n(8).
3
Let k(a) = 4*a - 1. Give k(3).
11
Let o(m) = -m**3 + m**2 + 8. What is o(0)?
8
Let n(y) = -y**2 + 2*y + 6. Give n(0).
6
Let d(n) = -n + 1. Give d(12).
-11
Let u(x) = x**2 + 24*x + 67. What is u(-21)?
4
Let m(o) = -o**2 + o + 15. Give m(-6).
-27
Let f(y) = 13*y + 5. Calculate f(4).
57
Let d(k) = -k - 16. Calculate d(-16).
0
Let k(o) = -o**2 - 8*o - 5. Determine k(-9).
-14
Let o(x) = -x**3 - 6*x**2 - 4*x - 20. Determine o(-6).
4
Let a(o) = -o**3 + 10*o**2 + 11*o + 1. Calculate a(11).
1
Let k(a) = -3*a**2 - 31*a + 2. What is k(-12)?
-58
Let j(x) = -7*x**2 - 2*x + 9. Calculate j(-5).
-156
Let r(l) = 39*l**2 - 2*l + 1. Determine r(1).
38
Let p(n) = 20*n + 113. What is p(-6)?
-7
Let x(o) = 5*o - 36. Determine x(6).
-6
Let r(t) = t**3 + 5*t**2 - 30*t + 45. What is r(-9)?
-9
Let j(y) = y + 14. Determine j(-8).
6
Let w(m) = -3*m - 57. Calculate w(-9).
-30
Let w(p) = -4*p - 86. Determine w(-21).
-2
Let m(s) = s**2 - 12*s + 6. Give m(5).
-29
Let n(d) = -8*d - 73. Calculate n(-10).
7
Let p(o) = 3*o**3 + 2*o**2 - 2. What is p(-2)?
-18
Let w(r) = 11*r - 18. Calculate w(5).
37
Let h(b) = -2*b + 9. What is h(9)?
-9
Let w(a) = -a**3 + 6*a**2 + 7*a + 9. Give w(7).
9
Let v(l) = -6*l**2 - 10*l - 2. What is v(-4)?
-58
Let u(b) = -b + 14. Give u(10).
4
Let p(d) = d**3 - 4*d**2 - 2*d + 2. What is p(4)?
-6
Let d(j) = -j**3 - 4*j**2 + 4*j - 12. Give d(-6).
36
Let o(d) = 4*d + 1. Calculate o(-6).
-23
Let s(x) = -x**3 + x**2 + 16*x + 7. Calculate s(-4).
23
Let a(q) = 9*q + 6. Determine a(2).
24
Let r(g) = g**3 + 10*g**2 + 23*g + 6. Determine r(-4).
10
Let y(a) = a - 17. What is y(12)?
-5
Let r(d) = -d**3 + 4*d**2 + 3*d - 11. Determine r(4).
1
Let s(m) = m**3 - m**2 - 5*m + 1. Give s(4).
29
Let l(k) = k**2 + 20*k + 6. Give l(-20).
6
Let c(j) = -j**3 + 4*j**2 + j + 7. Calculate c(6).
-59
Let g(d) = -d**3 - 19*d**2 - d - 10. What is g(-19)?
9
Let r(p) = 18*p + 3. Determine r(-2).
-33
Let f(s) = -s**3 + 9*s**2 + 4*s + 26. Determine f(9).
62
Let q(n) = n**2 - 3*n + 1. Give q(6).
19
Let x(a) = -a**3 + 7*a**2 - 7*a - 8. Give x(4).
12
Let p(o) = o**2 - 9*o + 7. Determine p(5).
-13
Let c(v) = 2*v**3 + 3*v**2 + 2*v. Give c(-2).
-8
Let x(k) = -53*k. Calculate x(1).
-53
Let m(d) = d**2 - 4*d + 5. Give m(1).
2
Let y(v) = v + 7. Calculate y(6).
13
Let h(g) = -g**3 - 9*g**2 - 16*g - 16. Determine h(-7).
-2
Let f(j) = 8*j - 76. Give f(9).
-4
Let m(w) = -5*w - 12. Determine m(-5).
13
Let r(z) = z + 8. What is r(-16)?
-8
Let b(u) = -u**3 + 6*u**2 + 5*u + 17. Determine b(7).
3
Let i(h) = h**3 + 33*h**2 - h - 41. What is i(-33)?
-8
Let j(d) = -2*d - 24. Determine j(9).
-42
Let t(d) = 2*d + 12. Determine t(-21).
-30
Let z(n) = n**3 - 17*n**2 - 19*n - 6. Give z(18).
-24
Let m(u) = 31*u. Calculate m(1).
31
Let g(i) = 4*i**2 - 7*i - 1. Determine g(3).
14
Let j(y) = y + 8. What is j(-13)?
-5
Let l(v) = v**3 + 8*v**2 - 10*v + 22. Calculate l(-9).
31
Let c(m) = -2*m**3 + 45*m**2 - 25*m + 30. What is c(22)?
-36
Let u(c) = -c**2 - 9*c - 18. What is u(-8)?
-10
Let x(h) = -h**3 + 2*h**2 + h. Calculate x(-2).
14
Let w(b) = -b**2 - 7*b + 10. Determine w(-11).
-34
Let q(h) = 4*h - 3. Determine q(-1).
-7
Let p(c) = c**2 - 4*c - 5. Determine p(6).
7
Let h(b) = -b + 2. Give h(9).
-7
Let q(t) = -t**3 - 7*t**2 - 6*t - 11. What is q(-6)?
-11
Let h(n) = 2*n**2 - 55*n + 65. Calculate h(26).
-13
Let j(q) = q**2 + 13*q - 2. Give j(-11).
-24
Let a(f) = f**3 - 2*f**2 + 4*f. Calculate a(-2).
-24
Let l(w) = w**3 + 6*w**2 + w + 2. Determine l(-6).
-4
Let z(w) = w**2 + 4*w - 13. Calculate z(3).
8
Let l(y) = 2*y**2 - 2*y + 2. Determine l(4).
26
Let m(q) = -q**2 - 2*q + 16. What is m(-5)?
1
Let k(r) = -20*r + 70. Determine k(5).
-30
Let r(y) = -y**2 + 13*y + 3. Give r(4).
39
Let k(h) = h**3 + 9*h**2 - 24*h - 19. Give k(-11).
3
Let f(w) = 4*w + 3. Determine f(2).
11
Let i(u) = -4*u + 7. Determine i(7).
-21
Let w(r) = r**3 + 11*r**2 - 12*r - 1. What is w(-12)?
-1
Let p(w) = -w**3 + 4*w**2 + 8*w - 9. Determine p(5).
6
Let p(w) = w**3 - 4*w**2 + 5*w - 5. Give p(2).
-3
Let h(n) = -39*n**2 + n. Give h(1).
-38
Let v(q) = -2*q + 26. What is v(11)?
4
Let q(p) = p**2 + 8*p - 1. What is q(-8)?
-1
Let l(g) = g**2 + 15*g - 51. Give l(-19).
25
Let z(p) = p**3 - 11*p**2 + 67*p - 732. Give z(11).
5
Let f(v) = -2*v - 39. Determine f(-21).
3
Let n(j) = -2*j**3 - j**2 + 1. Determine n(1).
-2
Let a(x) = 2*x**3 + 2*x**2 - 6*x - 9. Calculate a(-2).
-5
Let z(u) = -2*u**2 - 11*u + 13. Give z(-6).
7
Let v(l) = -4*l - 17. What is v(-10)?
23
Let i(a) = 2*a - 2. Determine i(10).
18
Let w(l) = l**2 - l - 8. Calculate w(10).
82
Let t(v) = v**3 + 3*v**2 - v + 2. Determine t(-3).
5
Let r(j) = 15*j**2 - 2*j - 1. Determine r(-1).
16
Let w(l) = -l**3 + 8*l**2 - 4*l + 22. What is w(8)?
-10
Let w(z) = z**2 + 6*z. Give w(0).
0
Let i(x) = x**2 - 27*x - 42. Determine i(25).
-92
Let p(d) = -d - 25. What is p(-16)?
-9
Let r(n) = 22*n + 11. What is r(-3)?
-55
Let v(p) = -2*p + 5. Determine v(-4).
13
Let l(z) = z**3 - 17*z**2 + 19*z - 8. Give l(16).
40
Let u(m) = 29*m + 171. Calculate u(-6).
-3
Let x(p) = -10*p - 10. Calculate x(-5).
40
Let p(v) = -7*v - 1. Calculate p(-1).
6
Let d(a) = -29*a + 284. Determine d(10).
-6
Let t(q) = -3*q**2 + 3*q + 25. Determine t(-4).
-35
Let f(t) = -t**3 + 10*t**2 + t - 8. Determine f(10).
2
Let v(m) = -38*m**2 + m. Calculate v(1).
-37
Let h(i) = -i + 1. What is h(4)?
-3
Let j(k) = k**3 - k**2 - 4*k + 10. Calculate j(5).
90
Let k(q) = -3*q + 20. Determine k(10).
-10
Let u(j) = -3*j**2 + j + 8. What is u(-2)?
-6
Let u(r) = -4*r**2 - 19*r - 8. What is u(-7)?
-71
Let h(s) = s**2 - 7*s - 10. What is h(-2)?
8
Let j(w) = -w**3 - 7*w**2 + 5*w + 3. Give j(-8).
27
Let z(s) = -2*s**2 - 8*s - 2. What is z(-7)?
-44
Let q(t) = -t**3 + 9*t**2 - 6*t - 19. Calculate q(8).
-3
Let k(v) = -3*v - 40. What is k(-11)?
-7
Let d(h) = -12*h + 766. Calculate d(64).
-2
Let w(k) = -k**3 - 3*k**2 + 5*k - 1. Determine w(-4).
-5
Let h(i) = -2*i**3 - 26*i**2 - 6*i - 20. Determine h(-13).
58
Let v(r) = r**2 + 8*r - 28. Determine v(-11).
5
Let r(m) = -m**3 - 5*m**2 - 11*m - 5. What is r(-3)?
10
Let f(l) = 2*l**2 - 6*l - 15. Calculate f(7).
41
Let p(m) = m**2 + 9*m - 9. Give p(0).
-9
Let p(s) = s**3 + 22*s**2 - 22*s + 33. What is p(-23)?
10
Let z(i) = -3*i - 34. What is z(-9)?
-7
Let j(o) = 5*o**3 - 2*o**2 - 9*o - 5. Determine j(-1).
-3
Let t(l) = 7*l**2 - 8*l - 10. Calculate t(-4).
134
Let h(x) = 10*x**3 - 1. Determine h(1).
9
Let u(l) = 25*l + 8. Determine u(-4).
-92
Let s(n) = n**3 + 24*n**2 + 9*n + 221. Determine s(-24).
5
Let o(d) = -d**3 + 11*d**2 + 2*d - 27. Determine o(11).
-5
Let o(h) = h**3 - 9*h**2 + 9*h. Determine o(8).
8
Let j(p) = 4*p - 4. Give j(5).
16
Let i(p) = -2*p + 7. Calculate i(8).
-9
Let f(j) = j**2 + 11*j - 432. Give f(-27).
0
Let t(s) = -4*s - 99. Give t(-22).
-11
Let h(z) = -8*z + 3. Give h(-3).
27
Let h(l) = -5*l + 59. Determine h(15).
-16
Let w(n) = -65*n**2 + 3*n - 4. What is w(1)?
-66
Let r(j) = j. Calculate r(-1).
-1
Let o(d) = -d**2 - 16*d - 35. Determine o(-3).
4
Let j(b) = -5*b**2 + 2*b - 1. Determine j(1).
-4
Let i(p) = 2*p**3 - 108*p**2 + 306*p + 4. What is i(51)?
4
Let x(i) = -21*i - 423. Calculate x(-20).
-3
Let h(g) = g**3 + 8*g**2 + 9*g + 10. Give h(-7).
-4
Let o(v) = 2*v**2 - 7*v + 2. What is o(5)?
17
Let k(h) = -h**2 + 9. What is k(3)?
0
Let x(p) = p**3 - 5*p**2 - 9*p + 1. What is x(6)?
-17
Let u(n) = n**3 - 7*n**2 + 3*n + 6. Give u(7).
27
Let j(s) = -s**3 + 5*s**2 - 9*s + 8. What is j(4)?
-12
Let o(l) = 5*l**2 - l - 1. Determine o(1).
3
Let f(i) = -i**2 - 10*i + 2. What is f(-8)?
18
Let a(t) = -2*t**2 + 6*t - 6. Determine a(5).
-26
Let q(b) = -b**2 + 9*b - 16. Determine q(6).
2
Let a(i) = -2*i**2 - 3*i + 3. Give a(-6).
-51
Let j(a) = -11*a + 8. Give j(5).
-47
Let t(o) = o + 2. Determine t(6).
8
Let a(x) = 2*x**3 + 2*x**2 - x + 2. What is a(-2)?